{"id":40,"date":"2023-03-17T16:11:13","date_gmt":"2023-03-17T16:11:13","guid":{"rendered":"https:\/\/www.erolcitci.com.tr\/?page_id=40"},"modified":"2023-10-07T17:14:07","modified_gmt":"2023-10-07T17:14:07","slug":"bir-dunya-afis-sergisi","status":"publish","type":"page","link":"https:\/\/www.erolcitci.com.tr\/?page_id=40","title":{"rendered":"Bir D\u00fcnya Afi\u015f Sergisi"},"content":{"rendered":"\n<div class=\"wp-block-media-text alignwide is-stacked-on-mobile is-vertically-aligned-top\" style=\"grid-template-columns:30% auto\"><figure class=\"wp-block-media-text__media\"><video controls src=\"https:\/\/www.erolcitci.com.tr\/wp-content\/uploads\/2023\/03\/hareketli-afis-4.mp4\"><\/video><\/figure><div class=\"wp-block-media-text__content\">\n<p><strong>Bir d\u00fcnya afi\u015f sergisi yer k\u00fcrenin insan faaliyetlerinin sonu\u00e7lar\u0131na maruz kal\u0131\u015f\u0131n\u0131, \u00e7evre, insan haklar\u0131, \u00f6zg\u00fcrl\u00fckler ve bar\u0131\u015f kavramlar\u0131 \u00fczerinden anlatan ki\u015fisel afi\u015f sergisidir.<\/strong><\/p>\n<\/div><\/div>\n\n\n\n<div class=\"wp-block-columns is-layout-flex wp-container-4 wp-block-columns-is-layout-flex\">\n<div class=\"wp-block-column is-layout-flow wp-block-column-is-layout-flow\">\n<figure class=\"wp-block-image size-full\"><img decoding=\"async\" loading=\"lazy\" width=\"620\" height=\"877\" src=\"https:\/\/www.erolcitci.com.tr\/wp-content\/uploads\/2023\/03\/5.jpg\" alt=\"\" class=\"wp-image-16\" srcset=\"https:\/\/www.erolcitci.com.tr\/wp-content\/uploads\/2023\/03\/5.jpg 620w, https:\/\/www.erolcitci.com.tr\/wp-content\/uploads\/2023\/03\/5-212x300.jpg 212w\" sizes=\"(max-width: 620px) 100vw, 620px\" \/><\/figure>\n<\/div>\n\n\n\n<div class=\"wp-block-column is-layout-flow wp-block-column-is-layout-flow\">\n<figure class=\"wp-block-image size-large\"><img decoding=\"async\" loading=\"lazy\" width=\"717\" height=\"1024\" src=\"https:\/\/www.erolcitci.com.tr\/wp-content\/uploads\/2023\/03\/16-kovid-2-717x1024.jpg\" alt=\"\" class=\"wp-image-24\"\/><\/figure>\n<\/div>\n\n\n\n<div class=\"wp-block-column is-layout-flow wp-block-column-is-layout-flow\">\n<figure class=\"wp-block-image size-large\"><img decoding=\"async\" loading=\"lazy\" width=\"717\" height=\"1024\" src=\"https:\/\/www.erolcitci.com.tr\/wp-content\/uploads\/2023\/03\/13-semsiye-717x1024.jpg\" alt=\"\" class=\"wp-image-22\"\/><\/figure>\n<\/div>\n<\/div>\n\n\n\n<div class=\"wp-block-columns is-layout-flex wp-container-8 wp-block-columns-is-layout-flex\">\n<div class=\"wp-block-column is-layout-flow wp-block-column-is-layout-flow\">\n<figure class=\"wp-block-image size-large\"><img decoding=\"async\" loading=\"lazy\" width=\"717\" height=\"1024\" src=\"https:\/\/www.erolcitci.com.tr\/wp-content\/uploads\/2023\/03\/10-duduklu-tencere-717x1024.jpg\" alt=\"\" class=\"wp-image-19\"\/><\/figure>\n<\/div>\n\n\n\n<div class=\"wp-block-column is-layout-flow wp-block-column-is-layout-flow\">\n<figure class=\"wp-block-image size-large\"><img decoding=\"async\" loading=\"lazy\" width=\"717\" height=\"1024\" src=\"https:\/\/www.erolcitci.com.tr\/wp-content\/uploads\/2023\/03\/6-Cikis-Yolu-717x1024.jpg\" alt=\"\" class=\"wp-image-17\"\/><\/figure>\n<\/div>\n\n\n\n<div class=\"wp-block-column is-layout-flow wp-block-column-is-layout-flow\">\n<figure class=\"wp-block-image size-large\"><img decoding=\"async\" loading=\"lazy\" width=\"724\" height=\"1024\" src=\"https:\/\/www.erolcitci.com.tr\/wp-content\/uploads\/2023\/03\/2-724x1024.jpg\" alt=\"\" class=\"wp-image-12\"\/><\/figure>\n<\/div>\n<\/div>\n\n\n\n<div class=\"wp-block-columns is-layout-flex wp-container-12 wp-block-columns-is-layout-flex\">\n<div class=\"wp-block-column is-layout-flow wp-block-column-is-layout-flow\">\n<figure class=\"wp-block-image size-large\"><img decoding=\"async\" loading=\"lazy\" width=\"717\" height=\"1024\" src=\"https:\/\/www.erolcitci.com.tr\/wp-content\/uploads\/2023\/03\/4-Umuda-ucus-717x1024.jpg\" alt=\"\" class=\"wp-image-15\"\/><\/figure>\n<\/div>\n\n\n\n<div class=\"wp-block-column is-layout-flow wp-block-column-is-layout-flow\">\n<figure class=\"wp-block-image size-full\"><img decoding=\"async\" loading=\"lazy\" width=\"700\" height=\"1000\" src=\"https:\/\/www.erolcitci.com.tr\/wp-content\/uploads\/2023\/03\/3-MayOne.jpg\" alt=\"\" class=\"wp-image-14\" srcset=\"https:\/\/www.erolcitci.com.tr\/wp-content\/uploads\/2023\/03\/3-MayOne.jpg 700w, https:\/\/www.erolcitci.com.tr\/wp-content\/uploads\/2023\/03\/3-MayOne-210x300.jpg 210w\" sizes=\"(max-width: 700px) 100vw, 700px\" \/><\/figure>\n<\/div>\n\n\n\n<div class=\"wp-block-column is-layout-flow wp-block-column-is-layout-flow\">\n<figure class=\"wp-block-image size-large\"><img decoding=\"async\" loading=\"lazy\" width=\"717\" height=\"1024\" src=\"https:\/\/www.erolcitci.com.tr\/wp-content\/uploads\/2023\/03\/7-Dikenli-717x1024.jpg\" alt=\"\" class=\"wp-image-18\"\/><\/figure>\n<\/div>\n<\/div>\n\n\n\n<div class=\"wp-block-columns is-layout-flex wp-container-16 wp-block-columns-is-layout-flex\">\n<div class=\"wp-block-column is-layout-flow wp-block-column-is-layout-flow\">\n<figure class=\"wp-block-image size-large\"><img decoding=\"async\" loading=\"lazy\" width=\"717\" height=\"1024\" src=\"https:\/\/www.erolcitci.com.tr\/wp-content\/uploads\/2023\/03\/11-Gokkusagi-717x1024.jpg\" alt=\"\" class=\"wp-image-20\"\/><\/figure>\n<\/div>\n\n\n\n<div class=\"wp-block-column is-layout-flow wp-block-column-is-layout-flow\">\n<figure class=\"wp-block-image size-large\"><img decoding=\"async\" loading=\"lazy\" width=\"717\" height=\"1024\" src=\"https:\/\/www.erolcitci.com.tr\/wp-content\/uploads\/2023\/03\/14-sinirsiz-717x1024.jpg\" alt=\"\" class=\"wp-image-23\"\/><\/figure>\n<\/div>\n\n\n\n<div class=\"wp-block-column is-layout-flow wp-block-column-is-layout-flow\">\n<figure class=\"wp-block-image size-large\"><img decoding=\"async\" loading=\"lazy\" width=\"717\" height=\"1024\" src=\"https:\/\/www.erolcitci.com.tr\/wp-content\/uploads\/2023\/03\/15-kafes--717x1024.jpg\" alt=\"\" class=\"wp-image-25\"\/><\/figure>\n<\/div>\n<\/div>\n","protected":false},"excerpt":{"rendered":"<p>Bir d\u00fcnya afi\u015f sergisi yer k\u00fcrenin insan faaliyetlerinin sonu\u00e7lar\u0131na maruz kal\u0131\u015f\u0131n\u0131, \u00e7evre, insan haklar\u0131, \u00f6zg\u00fcrl\u00fckler ve bar\u0131\u015f kavramlar\u0131 \u00fczerinden anlatan ki\u015fisel afi\u015f sergisidir.<\/p>\n","protected":false},"author":1,"featured_media":0,"parent":0,"menu_order":0,"comment_status":"closed","ping_status":"closed","template":"","meta":{"footnotes":""},"_links":{"self":[{"href":"https:\/\/www.erolcitci.com.tr\/index.php?rest_route=\/wp\/v2\/pages\/40"}],"collection":[{"href":"https:\/\/www.erolcitci.com.tr\/index.php?rest_route=\/wp\/v2\/pages"}],"about":[{"href":"https:\/\/www.erolcitci.com.tr\/index.php?rest_route=\/wp\/v2\/types\/page"}],"author":[{"embeddable":true,"href":"https:\/\/www.erolcitci.com.tr\/index.php?rest_route=\/wp\/v2\/users\/1"}],"replies":[{"embeddable":true,"href":"https:\/\/www.erolcitci.com.tr\/index.php?rest_route=%2Fwp%2Fv2%2Fcomments&post=40"}],"version-history":[{"count":8,"href":"https:\/\/www.erolcitci.com.tr\/index.php?rest_route=\/wp\/v2\/pages\/40\/revisions"}],"predecessor-version":[{"id":303,"href":"https:\/\/www.erolcitci.com.tr\/index.php?rest_route=\/wp\/v2\/pages\/40\/revisions\/303"}],"wp:attachment":[{"href":"https:\/\/www.erolcitci.com.tr\/index.php?rest_route=%2Fwp%2Fv2%2Fmedia&parent=40"}],"curies":[{"name":"wp","href":"https:\/\/api.w.org\/{rel}","templated":true}]}}